69. What are the prime factors of x?
3, 59
Let p = -566 - -573. Suppose -2*t - 74 = -4*i, p*i = 3*i - 5*t + 109. List the prime factors of i.
3, 7
Let q(d) = -d**3 - 7*d**2 + 10. Suppose i - 3*g + 16 = 0, 0 = -5*i - 2*g + 7*g - 50. Let v be q(i). List the prime factors of 4/6*(4 - (-245)/v).
19
Suppose -4*y - 234 = -5*y. Suppose 4*v = 13*v - y. Suppose 2*w - 4*w = -v. What are the prime factors of w?
13
Suppose -2*c - 2812 = -2*p, p - 1367 - 27 = -5*c. Suppose -12*u = -8*u - p. List the prime factors of u.
3, 13
Let m be (-4 + 3 - (-1027)/(-2))*-2. Let w be 1 + 1 + m/(-4 - -11). Let r = w - 66. List the prime factors of r.
83
Let c be (-4)/(-10) + 13332/20. Let v = c + -343. Suppose v + 4 = 4*p. What are the prime factors of p?
2, 41
Suppose -f = 5*h - 23869, h - 11718 - 12135 = -f. List the prime factors of f.
7, 3407
Suppose 4575*i = 4577*i - 25016. List the prime factors of i.
2, 53, 59
Suppose -a = 5*c - 49750, -6*a + 248638 = -a - 3*c. What are the prime factors of a?
2, 5, 4973
Let o be -5 - (-12 + 4) - -14. Let a(y) = 11*y + 14. What are the prime factors of a(o)?
3, 67
Suppose 3*d = -3*b + 12957, 10*b + 4320 = d + 12*b. List the prime factors of d.
2, 17, 127
Suppose 0 = 4*k - 4*u - 42154 - 1062, -2*k - u + 21623 = 0. What are the prime factors of k?
3, 1201
Suppose -14*y = 39*y - 128555 - 182131. What are the prime factors of y?
2, 3, 977
Let h = -10534 + 32998. List the prime factors of h.
2, 3, 13
What are the prime factors of (206471/(-46))/47*-586?
191, 293
Suppose 149*t - 170*t + 126259 - 10003 = 0. What are the prime factors of t?
2, 173
Let o(y) = 10*y**2 + 5*y - 36. Let k be o(-6). Suppose -4*z + 3*t = -2377, -289 = -z - 3*t + k. List the prime factors of z.
2, 37
Let d be 4 + 10/(-3) - (-903)/9. Suppose -d = -2*k + 49. What are the prime factors of k?
3, 5
Let q(t) = -11*t - t**3 - 91*t**2 + 43 - 98*t**2 + 172*t**2. Suppose 4*f - 35 = 3*m, 2*m - 2*f = 5*m + 59. What are the prime factors of q(m)?
2, 5, 23
Let a = -632 + 3901. What are the prime factors of a?
7, 467
List the prime factors of (1/(-7)*2687)/(464/(-3248)).
2687
Suppose 0 = 12*o - 5779 - 10601. Suppose -f - 94 + o = 0. What are the prime factors of f?
31, 41
Suppose -4*p + 5*r - 111 = 0, -5*p - 3*r - 27 - 84 = 0. Let t be ((-12)/p)/((-1)/(-494)). Suppose 31 = -4*w + t. What are the prime factors of w?
2, 3
Let g be (3 + -1)*53771/34. Let j = g + -2242. List the prime factors of j.
3, 307
Let s be 2/(-7) - (-1 + 3630/(-14)). Suppose 250 = 5*p - s. List the prime factors of p.
2, 3, 17
Let x be 6033/(-2) + (-180)/(-120). List the prime factors of (x/27)/((-5)/30).
2, 5, 67
Let l(v) = 2609*v**2 - 31*v - 8. List the prime factors of l(-2).
2, 5, 1049
Let c be (-58)/(((-2)/(-35))/(12/21)). Let w be (c/60)/((-2)/(-108)). List the prime factors of 2/(2/1*-2)*w.
3, 29
Suppose -4*r = 3 - 19. Suppose y - 2*s - 8 = 0, r*y + 11*s - 10*s = 59. Suppose 3150 = y*w + w. List the prime factors of w.
2, 3, 5, 7
Let i = -22 - -185. Let q(l) = l**3 - 6*l**2 - 20*l - 5. Let g be q(8). Let d = i - g. List the prime factors of d.
2, 5
Suppose -338*d = -276*d - 474672. What are the prime factors of d?
2, 3, 11, 29
Let k = -69 + 67. Let q(p) = -p**2 - 5*p. List the prime factors of q(k).
2, 3
Suppose 3*f - 13650 = -4*t, 3*t - 2*t + 3*f - 3417 = 0. What are the prime factors of t?
3, 379
Let b(q) = 2*q**2 - q. Let w be b(2). Let p = 1324 - 324. Suppose w*g - g = p. What are the prime factors of g?
2, 5
Suppose 3*b - 4*d = -692 - 954, -b + 5*d = 545. Let z = -280 - b. List the prime factors of z.
2, 3, 5
Let n be (-2)/(-6) - 15/(-9). Suppose 0 = 3*r + 67 - 76. List the prime factors of (r - n - -21) + -2.
2, 5
Suppose -3*y - 2*n = -48661, -65*y + 66*y - 3*n - 16235 = 0. What are the prime factors of y?
16223
List the prime factors of (1830/5)/(15/(-10))*218/(-8).
61, 109
Let i = -89 + 94. Suppose -140 = k - i*t, 5*t + 98 = -5*k - 752. Let u = 361 + k. List the prime factors of u.
2, 7
Let y(o) be the second derivative of 65*o**3/2 - 27*o. Let q be y(2). Suppose -3*i = -114 - q. What are the prime factors of i?
2, 3, 7
Let y = -915 + 922. List the prime factors of (3 + (-27704)/(-56))/(2/y).
2, 13, 67
Suppose 7*n - 42 - 21 = 0. Suppose 5*j - n = 1. Suppose j*t - 3*t = -6. List the prime factors of t.
2, 3
Suppose 190 = 3*x + 2*x. Let k(i) = -i**3 - 31*i**2 - 24*i + 152. Let y be k(-30). Let g = x + y. What are the prime factors of g?
2, 5
Suppose -55*n = -51*n - 12560. Suppose -6*q = -2368 - n. What are the prime factors of q?
2, 3, 17
Suppose 4*r = 4*o + 69616, -24*r + 2*o - 86978 = -29*r. What are the prime factors of r?
2, 8699
Suppose 10*h - 5196 = -2*h. Let g = h - -34. List the prime factors of g.
467
Suppose 72*c - 484849 = 612071. What are the prime factors of c?
5, 11, 277
Let w = -237 + 402. Suppose 3*f = 123 + w. Let k = 154 - f. List the prime factors of k.
2, 29
Let a(m) be the first derivative of -13*m**2/2 + 28*m + 13. Suppose -2*p = -0*u - 5*u + 3, -2*p + 4*u - 4 = 0. List the prime factors of a(p).
2, 5
Suppose 0 = 241*a + 71*a - 2098052 - 958612. What are the prime factors of a?
97, 101
Suppose 5*r - 606 = -s, 1176 = 2*s - 121*r + 119*r. What are the prime factors of s?
3, 197
Let v = -316 - -476. Suppose 0 = -3*i + 110 + v. List the prime factors of -1 + -4 + i - 2.
83
Let r = 174 + -169. Suppose -5*v + r*k + 4345 = 0, 4*k + 225 = v - 641. List the prime factors of v.
2, 3, 5, 29
Let s(o) = o**3 + 6*o**2 + 5*o + 5. Let b be (-2)/8 + 18/8. Let c be 2/(-10)*0 - b. What are the prime factors of s(c)?
11
Suppose -45*m + 13362 = -11*m. Let i(j) = -105*j - 6. Let o be i(2). Let k = o + m. List the prime factors of k.
3, 59
Suppose 7*o - 3*o = -16. Let t be 1*-3 - (1 + o) - -370. Suppose -t = -5*g - 0*g. List the prime factors of g.
2, 37
What are the prime factors of 1 - (2 + -27043) - (286 + -290)?
2, 13523
Let f be ((-32625)/(-50))/(1/6). Suppose -1186 - 1165 = -3*b - 2*s, -5*b = 5*s - f. List the prime factors of b.
5, 157
Let t(o) be the third derivative of -o**5/60 - o**4/6 + 5*o**3/2 - 39*o**2. Let h be t(-6). List the prime factors of 96*h*4/18.
2
Let h(s) = -11*s - 131. Let t be h(-11). List the prime factors of (-490)/(-50) + t - (-2482)/10.
2, 31
Suppose 7 + 78 = 5*v. Let x be v/5 + 10/25*-1. Suppose -196 = -4*h + 4*i + 36, x*h = -5*i + 214. List the prime factors of h.
3, 7
Suppose 2*j = 5*g - 32, -5 - 17 = -4*g - 2*j. Let r(s) = 19*s + 31. List the prime factors of r(g).
5, 29
Suppose 639*r - 36686 = -3*j + 634*r, 5*j - 61154 = -3*r. What are the prime factors of j?
2, 11, 139
Let k(o) = -5*o**3 - 23*o**2 - 99*o - 50. List the prime factors of k(-17).
3, 7, 19
Let p be 2 + 1 - (-1 + 1 - 1). Let j(t) = 13*t**2 + 8*t - 4. Let q be j(p). What are the prime factors of q/(-10)*(63/(-6) + 8)?
59
Let n(o) = -149*o + 1599. What are the prime factors of n(-35)?
2, 3407
List the prime factors of -8*(4260/(-16) - -2).
2, 7, 151
Let g = -133 - -377. Suppose -2*t = -844 - g. What are the prime factors of t?
2, 17
Let d be 122*(-4)/24*(-6)/(-2). What are the prime factors of (-1803)/(-4) - d/244?
11, 41
Let l(k) = 16*k + 149. Let i be l(21). Let p = -168 + i. What are the prime factors of p?
317
Let d(g) = -2*g - 2. Let i be d(-3). Let k = -12753 + 13064. Suppose 2*m = 3*c - k, i*c - 6*m + m - 403 = 0. What are the prime factors of c?
107
Suppose -4*a - 70528 = -2*a. Let h be 2/(-9)*1 + a/(-171). Suppose -h = -2*c - 0*c. List the prime factors of c.
103
Let t(r) = 52*r**2 + 6*r + 37. Let k be t(-5). Let o = k - 689. What are the prime factors of o?
2, 3, 103
Let k(y) = y - 23. Let n = -60 + 80. Let a be k(n). What are the prime factors of 25 - (0*(a - -4))/1?
5
Let b(x) be the first derivative of 32*x**3/3 - 7*x**2/2 + 6*x + 9. What are the prime factors of b(2)?
2, 3, 5
Let l(o) = 313*o + 9166. What are the prime factors of l(6)?
2, 11, 251
Let r = 1400 - 1398. Let b = 171 + 162. Suppose -2*f + 62 = s, -r*f - 135 + b = 3*s. List the prime factors of s.
2, 17
Let v = -61 + 109. What are the prime factors of (351/6)/(v/64)?
2, 3, 13
Suppose 3*n = -3*r + 7920 + 10089, -r = -5*n + 30003. What are the prime factors of n?
17, 353
Let q = 7274 + -4247. What are the prime factors of q?
3, 1009
List the prime factors of (5 - 764819/(-46))*(-5)/((-15)/6).
29, 31, 37
Suppose 772190 = 1